 = -14*q + 88. Calculate the greatest common divisor of q and f.
22
Suppose -5*d - 11 = -1. Let m(l) = -l**3 + 3*l**2 + 2*l. Let f be m(d). What is the greatest common divisor of 32 and f?
16
Let v(z) = -z**3 - 12*z**2 - 2*z + 3. Let p be v(-14). Let b be 6/10 + p/45. Calculate the greatest common factor of 5 and b.
5
Suppose 52 = 2*c - 8. What is the greatest common divisor of 150 and c?
30
Let f = -31 - -75. Suppose 2*m = -0*m + f. What is the highest common divisor of m and 2?
2
Suppose -7 = -p - 3*d + 7*d, -p = -2*d - 3. Let b = 0 - p. Suppose 2*j = -j + 24. Calculate the highest common divisor of j and b.
1
Suppose 2*i - 4 = 4*k, -i + 3*k + k = 4. What is the greatest common divisor of i and 56?
8
Let x = -39 - -60. Let s(i) = i**2 - 2*i + 6. Let t be s(4). Calculate the highest common factor of t and x.
7
Let q = -12 - -14. Suppose 3*p = 53 - q. What is the greatest common divisor of p and 170?
17
Let f = -7 - -8. Calculate the highest common factor of 2 and f.
1
Suppose 8*t = 2*t + 36. Calculate the highest common factor of t and 18.
6
Let k(y) = 5*y**2 + 4*y + 2. Let w be k(-4). Let f(r) = 8*r - 2. Let m be f(8). Suppose 0 = -2*t + m - 18. Calculate the highest common divisor of w and t.
22
Let t(w) = 6*w**2 + 2*w + 1. Suppose 2*u = 7*u + 5. Let f be t(u). What is the highest common divisor of 20 and f?
5
Suppose 3*q = -0*q + 18. What is the greatest common divisor of 66 and q?
6
Let o(d) = 6*d - 6. Let w be o(3). Calculate the greatest common factor of 21 and w.
3
Suppose j - 20 = 5*r, 2*r - 3*r - 20 = 3*j. Let x = j + 9. Suppose p + x*n + 434 = 6*p, 4*p - 372 = -3*n. Calculate the highest common divisor of p and 10.
10
Suppose 5*n = 11 - 16. Let k be 2 + 2*(3 - n). What is the highest common divisor of k and 15?
5
Let q = 16 - -49. What is the highest common factor of q and 26?
13
Suppose 16 = -4*v, 26 = 2*n + n + v. Calculate the greatest common factor of 2 and n.
2
Let f = -55 - -77. Suppose -f = -m - 4*p, 17 - 2 = 5*p. Calculate the highest common divisor of 40 and m.
10
Let j(u) = 16*u**2 + u + 1. Let c be j(-1). Calculate the highest common divisor of c and 64.
16
Suppose -q = 4*i - 12, -3*q + 1 - 4 = -i. Let k = 10 + 11. Suppose -c + 2*c - k = 0. What is the highest common factor of c and i?
3
Let q be (7 - 3) + 8 + 3. Let t be q - (0 + -4)/(-2). Calculate the greatest common factor of t and 52.
13
Let v(l) = 3*l**2 + 4*l + 2. Let c be v(-9). What is the highest common factor of 19 and c?
19
Suppose -2*k = 3 - 1, -5*k = q - 281. Calculate the greatest common divisor of q and 26.
26
Suppose -z + 16 = -s, -z + 29 + 2 = -4*s. Calculate the greatest common factor of 44 and z.
11
Let g = -89 - -183. Let z = -54 + g. Calculate the highest common divisor of z and 5.
5
Let b(z) = -75*z**3 + z**2 + z. Let m be b(-1). Suppose 88 = 3*x - 2. What is the greatest common factor of m and x?
15
Let d be (-6 + -9)/5 + 66. Calculate the greatest common factor of 7 and d.
7
Let j be -1*-1*(-1 - -3). Let h = -3 + j. Let f be 2/h*(-242)/4. Calculate the greatest common factor of 11 and f.
11
Let j(a) = 41*a - 12*a + 65*a - 16*a - 1. Let o be j(1). What is the greatest common divisor of o and 7?
7
Suppose 0 = 2*h + h - 90. Suppose 0*x + h = 3*x. Calculate the highest common factor of x and 30.
10
Let v be (-2 - -1) + (338 - 4). Calculate the greatest common divisor of 37 and v.
37
Let m be (-1372)/(-70) + 2/5. Let o be (-10)/25 + 156/15. What is the greatest common factor of o and m?
10
Suppose -16 = -4*r, -5*q + 28 = 4*r - 18. Let a be (4/q)/((-7)/(-504)). Calculate the greatest common divisor of 16 and a.
16
Let d(j) = -j**3 + 5*j**2 + 3*j + 3. Let y be d(5). Suppose 4*f + 357 = 4*b + f, -b - 4*f = -94. What is the greatest common divisor of b and y?
18
Let s = 32 - 22. Calculate the highest common divisor of s and 10.
10
Let n = 977 + -635. Calculate the highest common divisor of n and 18.
18
Let j = 13 + -12. Let i be -2 - -22 - (j - 2). Suppose 2*v + 5*r - 12 = -1, 0 = -2*v - r + 7. What is the highest common factor of v and i?
3
Let u(z) = -2*z - z**3 + 3 - 3 - 3*z**2. Let m be u(-2). Let c be (1 - 1) + (m - -2). What is the greatest common factor of c and 5?
1
Let g(t) be the second derivative of 91*t**4/12 - t**3/6 - t**2/2 - 3*t. Let l be g(-1). Let i = 19 - 6. Calculate the highest common factor of l and i.
13
Let g = -127 + 207. Suppose -8*c = -3*c - g. Let i be -1 - 17/((-2)/2). What is the greatest common factor of c and i?
16
Let r be (-7 - -3) + 3/(9/60). Let y = 186 - 42. Calculate the greatest common factor of r and y.
16
Let q = 3 - 5. Let m(s) = 3*s**2 + 4*s + 2. Let d be m(q). Let n be (-92)/(-12) - (-2)/d. Calculate the greatest common divisor of n and 40.
8
Let l = 36 + -26. Calculate the highest common divisor of 40 and l.
10
Let i = 1 + 6. Suppose 2*s = -4*u + 5*s + 25, 18 = 3*u - 3*s. What is the highest common divisor of u and i?
7
Let q = 47 - 5. Let b(r) = -r**3 - r + 6. Let g be b(0). Calculate the greatest common factor of q and g.
6
Let l be 2487/9 - 1/3. Let x = l + -192. Suppose -46 = -4*t + 2. What is the greatest common divisor of x and t?
12
Let r = 3 - -1. Suppose -35 = 3*m + 2*m. Let n = m + 19. What is the greatest common divisor of n and r?
4
Let l(a) = 3*a**2 - 4*a. Let g be l(4). Calculate the highest common factor of 8 and g.
8
Suppose -5*x - r = -49, r = 3*x + 20 - 51. What is the highest common divisor of 20 and x?
10
Suppose -5 = -w + 3*i, 0 = 4*w + 2*i + i - 50. Suppose 2*o = 9*o - 308. What is the highest common divisor of w and o?
11
Let u be (3/(-4))/1 - 3876/(-48). Calculate the highest common factor of u and 10.
10
Let h(g) = 26*g**2 - 3*g + 1. Let x(r) = r + 1. Let w be 1*(-1 + (2 - 0)). Let a be x(w). Let l be h(a). What is the greatest common divisor of 9 and l?
9
Let b be (1 - -4)*80/25. Let y = -2 + 178. Calculate the greatest common factor of y and b.
16
Let a(j) = 3*j**2 - 16*j + 11. Let r be a(11). What is the highest common divisor of 22 and r?
22
Let f(y) = y**2 + y + 8. Let s be -1 + -1 + 1 + 1. Let o be f(s). Suppose -3*t + o*t - 195 = 0. What is the highest common divisor of t and 13?
13
Suppose -20*i + 1350 = -5*i. Let r = 31 - 21. Calculate the highest common divisor of i and r.
10
Suppose -6*a - 2*a = -80. Calculate the greatest common divisor of 10 and a.
10
Let t be (12 - (4 - 0))/((-2)/(-7)). Calculate the greatest common factor of t and 196.
28
Let k be (8/(-10))/((-4)/10). Suppose -k*w + 0*w = -30. Suppose 2*j + 7 = 67. What is the highest common divisor of w and j?
15
Suppose 3*q - r + 16 = 0, -3*q - 4*r + 4 + 0 = 0. Let p = q - -7. Calculate the greatest common divisor of 15 and p.
3
Let i = 202 + -69. Let c(o) = 4*o**2 - 2*o + 1. Let j be c(1). Let s(n) = 3*n**2 - 3*n + 1. Let a be s(j). Calculate the greatest common divisor of i and a.
19
Let b = 3 + 12. What is the greatest common divisor of b and 135?
15
Let h(d) = 22*d + 1. Let b(o) = -2*o + 22. Let w be b(10). Let m be h(w). What is the highest common divisor of m and 9?
9
Let o = 22 + -17. Let i be 8/(-3)*(-45)/6. Calculate the highest common divisor of o and i.
5
Suppose -6*b + 245 = -25. What is the greatest common factor of 15 and b?
15
Let h be 30*4/16*12. What is the highest common divisor of 18 and h?
18
Let f be 1/3 - 143/(-3). Suppose 2*d - 3*d + 2*a + 7 = 0, 0 = 3*d - 4*a - 17. Suppose -5 = d*r - 41. Calculate the greatest common divisor of r and f.
12
Let s(k) = -k**3 + 7*k**2 - 7*k + 11. Let l be s(5). Calculate the greatest common divisor of l and 26.
26
Let q(g) = -g**3 - 6*g**2 - 7*g - 4. Let w be q(-5). Calculate the greatest common factor of 3 and w.
3
Suppose 0 = l + 2*y - 21, 2*l + 2*y = 5*y + 14. Calculate the highest common divisor of 26 and l.
13
Let l = 70 - 30. Suppose 20 = -4*n + 8*n. Calculate the greatest common factor of n and l.
5
Let w = 11 - 3. Suppose -5*i + w*i = 12. Calculate the highest common factor of 8 and i.
4
Let l(i) = -7*i + 63. Let n be l(0). Calculate the greatest common factor of 7 and n.
7
Let v(s) = s**3 + 8*s**2 + 2*s - 7. Suppose 4*a + 33 = 5. Let b be v(a). What is the highest common divisor of 14 and b?
14
Let k = -2 - -5. Suppose 0 = g - k*g + 30. Calculate the greatest common divisor of g and 10.
5
Let m = 2 + 2. Suppose -2*x = -m*k - 48, 4*k - 8 = -x + 10. What 